 of 564 and 288.
12
Calculate the highest common divisor of 1449225 and 95.
95
Calculate the highest common factor of 571241 and 242.
121
What is the greatest common divisor of 4734 and 198?
18
Calculate the greatest common divisor of 1465016 and 8.
8
Calculate the highest common divisor of 49 and 581.
7
What is the greatest common divisor of 18844 and 56?
28
Calculate the greatest common factor of 620 and 672.
4
Calculate the highest common factor of 420794 and 31.
31
What is the highest common divisor of 578644 and 44?
44
Calculate the highest common factor of 3514874 and 22.
22
Calculate the greatest common divisor of 426 and 6177.
213
What is the highest common factor of 129042 and 5136?
642
What is the highest common divisor of 196 and 4284?
28
What is the highest common factor of 2494 and 4408?
58
Calculate the greatest common factor of 77 and 118951.
7
Calculate the greatest common divisor of 1684242 and 252.
126
What is the greatest common divisor of 343535 and 635?
635
What is the greatest common factor of 967687 and 7?
7
What is the highest common divisor of 198 and 20493?
99
What is the greatest common factor of 13 and 5738759?
13
What is the greatest common divisor of 92575 and 9275?
175
Calculate the highest common divisor of 8 and 2554.
2
What is the greatest common factor of 19528 and 8216?
8
Calculate the greatest common divisor of 52 and 28847.
13
What is the greatest common divisor of 140032 and 256?
256
What is the highest common divisor of 132 and 9998736?
132
Calculate the highest common factor of 92 and 673946.
46
Calculate the highest common factor of 174 and 79083.
87
Calculate the highest common divisor of 6633 and 37319.
67
Calculate the highest common factor of 351 and 1120041.
351
What is the highest common factor of 378 and 44562?
42
What is the greatest common divisor of 256816 and 336?
112
What is the highest common divisor of 728192 and 64?
64
What is the highest common factor of 668 and 96?
4
What is the greatest common factor of 1963 and 2869?
151
What is the highest common factor of 842 and 993560?
842
Calculate the greatest common divisor of 250 and 1114375.
125
Calculate the greatest common factor of 7807 and 1369.
37
What is the greatest common factor of 254 and 3?
1
Calculate the highest common factor of 18051 and 77.
11
What is the highest common divisor of 185094 and 156?
78
Calculate the greatest common divisor of 68269 and 466.
233
Calculate the highest common divisor of 1499253 and 686.
343
What is the highest common divisor of 39880 and 360?
40
Calculate the greatest common divisor of 437 and 45517.
23
What is the greatest common factor of 56 and 5708?
4
What is the highest common divisor of 36 and 4642506?
18
Calculate the highest common divisor of 124992 and 10836.
252
What is the greatest common factor of 1976 and 353496?
104
What is the highest common factor of 4225 and 17069?
169
Calculate the highest common divisor of 228 and 170886.
114
Calculate the highest common factor of 175 and 5243.
7
Calculate the greatest common divisor of 32 and 4.
4
Calculate the highest common divisor of 600 and 1464.
24
Calculate the highest common divisor of 6 and 3714.
6
What is the highest common factor of 343 and 148911?
49
What is the highest common factor of 139334 and 67574?
598
What is the highest common divisor of 238 and 4828?
34
What is the highest common divisor of 7015 and 640?
5
Calculate the highest common divisor of 2431833 and 5815.
1163
What is the greatest common divisor of 407 and 74999?
37
What is the greatest common divisor of 52984 and 1480?
296
What is the greatest common divisor of 388 and 90016?
388
Calculate the greatest common divisor of 1624 and 108248.
56
What is the greatest common factor of 94984 and 7192?
248
What is the greatest common factor of 876964 and 266?
38
Calculate the greatest common divisor of 169 and 942890.
13
Calculate the greatest common divisor of 507 and 1058109.
507
Calculate the greatest common factor of 13 and 3247.
1
What is the greatest common factor of 9019 and 11196?
311
Calculate the highest common factor of 10912 and 55.
11
Calculate the greatest common divisor of 86 and 106683.
43
Calculate the greatest common factor of 42 and 2962554.
42
What is the highest common factor of 7983 and 225?
9
Calculate the greatest common factor of 1005 and 23745.
15
What is the greatest common divisor of 30298 and 4?
2
Calculate the highest common divisor of 149977 and 47.
47
Calculate the greatest common divisor of 3610 and 1045.
95
What is the greatest common divisor of 148764 and 345?
69
What is the highest common factor of 6656 and 78?
26
Calculate the highest common divisor of 1596481 and 59.
59
Calculate the greatest common divisor of 544 and 7620896.
544
What is the highest common divisor of 556 and 933802?
278
Calculate the highest common divisor of 30 and 2257920.
30
What is the greatest common divisor of 62846 and 737?
67
What is the highest common factor of 218 and 629?
1
Calculate the greatest common divisor of 255525 and 75.
75
Calculate the greatest common divisor of 6160 and 10.
10
What is the greatest common factor of 4 and 17046?
2
Calculate the highest common factor of 627 and 3306.
57
Calculate the greatest common factor of 6085 and 10.
5
Calculate the highest common factor of 372 and 1965462.
186
Calculate the highest common factor of 4038 and 618.
6
What is the highest common factor of 41605 and 795?
265
Calculate the highest common divisor of 21075 and 75.
75
What is the highest common divisor of 24663 and 6?
3
What is the greatest common factor of 6748 and 28?
28
What is the highest common factor of 610080 and 369?
123
What is the highest common factor of 915979 and 103?
103
What is the greatest common divisor of 1770 and 1200?
30
What is the greatest common factor of 50275 and 75?
25
Calculate the greatest common factor of 720 and 517824.
144
What is the highest common factor of 292292 and 74360?
572
Calculate the greatest common divisor of 81918 and 36.
18
What is the highest common factor of 40 and 1714360?
40
Calculate the highest common divisor of 3 and 3057.
3
What is the highest common divisor of 220 and 1537415?
55
What is the highest common factor of 38346 and 1001?
77
What is the greatest common divisor of 13023 and 9?
9
What is the greatest common divisor of 2203402 and 673?
673
Calculate the greatest common divisor of 13678 and 3079504.
1954
What is the highest common divisor of 389914 and 28?
14
What is the highest common divisor of 31 and 781975?
31
Calculate the greatest common factor of 243 and 775413.
243
What is the greatest common divisor of 123474 and 897?
39
Calculate the greatest common factor of 120204 and 1404.
108
What is the greatest common divisor of 1400 and 82000?
200
Calculate the highest common factor of 135 and 2265.
15
What is the highest common divisor of 224175 and 30?
15
Calculate the highest common factor of 73 and 2340599.
73
What is the highest common divisor of 1389 and 750?
3
What is the highest common factor of 10416 and 3069?
93
What is the greatest common factor of 1452 and 564?
12
Calculate the greatest common divisor of 4136 and 2376.
88
Calculate the greatest common factor of 6114988 and 44.
44
Calculate the greatest common divisor of 38886 and 48.
6
Calculate the highest common divisor of 216 and 10080.
72
What is the highest common divisor of 16768 and 38252?
524
What is the highest common divisor of 5957 and 69?
23
Calculate the greatest common divisor of 50 and 97025.
25
What is the greatest common divisor of 47770 and 935?
85
Calculate the highest common factor of 8816 and 3724.
76
Calculate the greatest common divisor of 461008 and 384.
16
What is the highest common divisor of 2954545 and 110?
55
What is the highest common divisor of 161260 and 440?
220
Calculate the highest common divisor of 4609 and 19679.
11
What is the highest common divisor of 429 and 120705?
39
Calculate the highest common divisor of 6986 and 56.
14
Calculate the highest common factor of 31 and 1512707.
31
What is the highest common divisor of 572205 and 222?
111
What is the highest common factor of 146744 and 2312?
136
What is the greatest common factor of 140 and 24832?
4
What is the highest common factor of 7290 and 